[INFO] cloning repository https://github.com/Paul-J-Barrett/rustpath
[INFO] running `Command { std: "git" "-c" "credential.helper=" "-c" "credential.helper=/workspace/cargo-home/bin/git-credential-null" "clone" "--bare" "https://github.com/Paul-J-Barrett/rustpath" "/workspace/cache/git-repos/https%3A%2F%2Fgithub.com%2FPaul-J-Barrett%2Frustpath", kill_on_drop: false }`
[INFO] [stderr] Cloning into bare repository '/workspace/cache/git-repos/https%3A%2F%2Fgithub.com%2FPaul-J-Barrett%2Frustpath'...
[INFO] running `Command { std: "git" "rev-parse" "HEAD", kill_on_drop: false }`
[INFO] [stdout] 807958bfbef95aa93937e09faa7ca0b9b69248ad
[INFO] checking Paul-J-Barrett/rustpath against master#9610dfe5a9a731ced1ea4923ecbd0c57fe367898 for beta-170-4
[INFO] running `Command { std: "git" "clone" "/workspace/cache/git-repos/https%3A%2F%2Fgithub.com%2FPaul-J-Barrett%2Frustpath" "/workspace/builds/worker-1-tc1/source", kill_on_drop: false }`
[INFO] [stderr] Cloning into '/workspace/builds/worker-1-tc1/source'...
[INFO] [stderr] done.
[INFO] validating manifest of git repo https://github.com/Paul-J-Barrett/rustpath on toolchain 9610dfe5a9a731ced1ea4923ecbd0c57fe367898
[INFO] running `Command { std: CARGO_HOME="/workspace/cargo-home" RUSTUP_HOME="/workspace/rustup-home" "/workspace/cargo-home/bin/cargo" "+9610dfe5a9a731ced1ea4923ecbd0c57fe367898" "metadata" "--manifest-path" "Cargo.toml" "--no-deps", kill_on_drop: false }`
[INFO] started tweaking git repo https://github.com/Paul-J-Barrett/rustpath
[INFO] finished tweaking git repo https://github.com/Paul-J-Barrett/rustpath
[INFO] tweaked toml for git repo https://github.com/Paul-J-Barrett/rustpath written to /workspace/builds/worker-1-tc1/source/Cargo.toml
[INFO] crate git repo https://github.com/Paul-J-Barrett/rustpath already has a lockfile, it will not be regenerated
[INFO] running `Command { std: CARGO_HOME="/workspace/cargo-home" RUSTUP_HOME="/workspace/rustup-home" "/workspace/cargo-home/bin/cargo" "+9610dfe5a9a731ced1ea4923ecbd0c57fe367898" "fetch" "--manifest-path" "Cargo.toml", kill_on_drop: false }`
[INFO] running `Command { std: "docker" "create" "-v" "/var/lib/crater-agent-workspace/builds/worker-1-tc1/target:/opt/rustwide/target:rw,Z" "-v" "/var/lib/crater-agent-workspace/builds/worker-1-tc1/source:/opt/rustwide/workdir:ro,Z" "-v" "/var/lib/crater-agent-workspace/cargo-home:/opt/rustwide/cargo-home:ro,Z" "-v" "/var/lib/crater-agent-workspace/rustup-home:/opt/rustwide/rustup-home:ro,Z" "-e" "SOURCE_DIR=/opt/rustwide/workdir" "-e" "CARGO_TARGET_DIR=/opt/rustwide/target" "-e" "CARGO_HOME=/opt/rustwide/cargo-home" "-e" "RUSTUP_HOME=/opt/rustwide/rustup-home" "-w" "/opt/rustwide/workdir" "-m" "1610612736" "--user" "0:0" "--network" "none" "ghcr.io/rust-lang/crates-build-env/linux@sha256:19e73879b68f455e41552ea35293514db52ea292d993f571636dbffedb77a1ee" "/opt/rustwide/cargo-home/bin/cargo" "+9610dfe5a9a731ced1ea4923ecbd0c57fe367898" "metadata" "--no-deps" "--format-version=1", kill_on_drop: false }`
[INFO] [stdout] 0c284c9050bc66b3b634580c06a3f8e9ccfb1226624ab1b7810a3271230b3e46
[INFO] running `Command { std: "docker" "start" "-a" "0c284c9050bc66b3b634580c06a3f8e9ccfb1226624ab1b7810a3271230b3e46", kill_on_drop: false }`
[INFO] running `Command { std: "docker" "inspect" "0c284c9050bc66b3b634580c06a3f8e9ccfb1226624ab1b7810a3271230b3e46", kill_on_drop: false }`
[INFO] running `Command { std: "docker" "rm" "-f" "0c284c9050bc66b3b634580c06a3f8e9ccfb1226624ab1b7810a3271230b3e46", kill_on_drop: false }`
[INFO] [stdout] 0c284c9050bc66b3b634580c06a3f8e9ccfb1226624ab1b7810a3271230b3e46
[INFO] running `Command { std: "docker" "create" "-v" "/var/lib/crater-agent-workspace/builds/worker-1-tc1/target:/opt/rustwide/target:rw,Z" "-v" "/var/lib/crater-agent-workspace/builds/worker-1-tc1/source:/opt/rustwide/workdir:ro,Z" "-v" "/var/lib/crater-agent-workspace/cargo-home:/opt/rustwide/cargo-home:ro,Z" "-v" "/var/lib/crater-agent-workspace/rustup-home:/opt/rustwide/rustup-home:ro,Z" "-e" "SOURCE_DIR=/opt/rustwide/workdir" "-e" "CARGO_TARGET_DIR=/opt/rustwide/target" "-e" "CARGO_INCREMENTAL=0" "-e" "RUST_BACKTRACE=full" "-e" "RUSTFLAGS=--cap-lints=forbid" "-e" "RUSTDOCFLAGS=--cap-lints=forbid" "-e" "CARGO_HOME=/opt/rustwide/cargo-home" "-e" "RUSTUP_HOME=/opt/rustwide/rustup-home" "-w" "/opt/rustwide/workdir" "-m" "1610612736" "--user" "0:0" "--network" "none" "ghcr.io/rust-lang/crates-build-env/linux@sha256:19e73879b68f455e41552ea35293514db52ea292d993f571636dbffedb77a1ee" "/opt/rustwide/cargo-home/bin/cargo" "+9610dfe5a9a731ced1ea4923ecbd0c57fe367898" "check" "--frozen" "--all" "--all-targets" "--message-format=json", kill_on_drop: false }`
[INFO] [stdout] 0acde4c96e505ee978b6af7c526792276312e5c328d4ed825ee7b8530c05ea3d
[INFO] running `Command { std: "docker" "start" "-a" "0acde4c96e505ee978b6af7c526792276312e5c328d4ed825ee7b8530c05ea3d", kill_on_drop: false }`
[INFO] [stderr]     Checking paths v0.1.0 (/opt/rustwide/workdir)
[INFO] [stdout] error[E0425]: cannot find value `display` in this scope
[INFO] [stdout]   --> src/main.rs:24:52
[INFO] [stdout]    |
[INFO] [stdout] 24 |         Err(why) => panic!("couldn't read {}: {}", display, why),
[INFO] [stdout]    |                                                    ^^^^^^^ not found in this scope
[INFO] [stdout] 
[INFO] [stdout] 
[INFO] [stdout] error[E0425]: cannot find value `display` in this scope
[INFO] [stdout]   --> src/main.rs:25:45
[INFO] [stdout]    |
[INFO] [stdout] 25 |         Ok(_) => print!("{} contains:\n{}", display, s),
[INFO] [stdout]    |                                             ^^^^^^^ not found in this scope
[INFO] [stdout] 
[INFO] [stdout] 
[INFO] [stdout] error: aborting due to 2 previous errors
[INFO] [stdout] 
[INFO] [stdout] 
[INFO] [stdout] For more information about this error, try `rustc --explain E0425`.
[INFO] [stdout] 
[INFO] [stderr] error: could not compile `paths` (bin "paths" test) due to 3 previous errors
[INFO] [stderr] warning: build failed, waiting for other jobs to finish...
[INFO] [stdout] error[E0425]: cannot find value `display` in this scope
[INFO] [stdout]   --> src/main.rs:24:52
[INFO] [stdout]    |
[INFO] [stdout] 24 |         Err(why) => panic!("couldn't read {}: {}", display, why),
[INFO] [stdout]    |                                                    ^^^^^^^ not found in this scope
[INFO] [stdout] 
[INFO] [stdout] 
[INFO] [stdout] error[E0425]: cannot find value `display` in this scope
[INFO] [stdout]   --> src/main.rs:25:45
[INFO] [stdout]    |
[INFO] [stdout] 25 |         Ok(_) => print!("{} contains:\n{}", display, s),
[INFO] [stdout]    |                                             ^^^^^^^ not found in this scope
[INFO] [stdout] 
[INFO] [stdout] 
[INFO] [stdout] error: aborting due to 2 previous errors
[INFO] [stdout] 
[INFO] [stdout] 
[INFO] [stdout] For more information about this error, try `rustc --explain E0425`.
[INFO] [stdout] 
[INFO] [stderr] error: could not compile `paths` (bin "paths") due to 3 previous errors
[INFO] running `Command { std: "docker" "inspect" "0acde4c96e505ee978b6af7c526792276312e5c328d4ed825ee7b8530c05ea3d", kill_on_drop: false }`
[INFO] running `Command { std: "docker" "rm" "-f" "0acde4c96e505ee978b6af7c526792276312e5c328d4ed825ee7b8530c05ea3d", kill_on_drop: false }`
[INFO] [stdout] 0acde4c96e505ee978b6af7c526792276312e5c328d4ed825ee7b8530c05ea3d
